rime factors of 64343580.
2, 3, 5, 7, 239, 641
What are the prime factors of 46603792?
2, 103, 28279
List the prime factors of 287415053.
43, 233, 28687
List the prime factors of 84269068.
2, 13, 17, 95327
List the prime factors of 7018901131.
11, 19, 149, 263, 857
List the prime factors of 373056679.
139, 2683861
List the prime factors of 399045595.
5, 13, 179, 34297
List the prime factors of 3638172607.
3638172607
What are the prime factors of 297936340?
2, 5, 13, 19, 41, 1471
List the prime factors of 2033108.
2, 7, 11, 23, 41
List the prime factors of 454109711.
11, 41282701
What are the prime factors of 20923271?
227, 92173
List the prime factors of 98880000.
2, 3, 5, 103
List the prime factors of 22279849.
571, 39019
List the prime factors of 2452325.
5, 233, 421
List the prime factors of 81686479.
7, 17, 14009
List the prime factors of 55723712.
2, 11, 79153
What are the prime factors of 49931810?
2, 5, 19, 109, 2411
List the prime factors of 36519015.
3, 5, 13, 187277
What are the prime factors of 104189946?
2, 3, 7, 31, 43, 1861
List the prime factors of 1116338643.
3, 7, 17, 1042333
List the prime factors of 1179380248.
2, 3793, 38867
List the prime factors of 348131536.
2, 21758221
List the prime factors of 3541661641.
7, 47, 1537847
What are the prime factors of 1507785619?
41, 269, 136711
List the prime factors of 5847065420.
2, 5, 7, 1987, 21019
What are the prime factors of 141974011?
571, 248641
List the prime factors of 3432802.
2, 1716401
List the prime factors of 549361852.
2, 13, 61, 173191
List the prime factors of 1732375078.
2, 7, 123741077
What are the prime factors of 111971560?
2, 5, 19, 147331
What are the prime factors of 721576094?
2, 360788047
What are the prime factors of 2878141724?
2, 719535431
List the prime factors of 1445566.
2, 722783
List the prime factors of 918105545.
5, 7, 26231587
List the prime factors of 435383058.
2, 3, 11, 443, 14891
What are the prime factors of 11348086?
2, 1409, 4027
What are the prime factors of 104033827?
137, 759371
What are the prime factors of 39965639?
7, 5709377
What are the prime factors of 7222543471?
11, 13, 50507297
List the prime factors of 171475758.
2, 3, 61, 52057
What are the prime factors of 3780307?
17, 59, 3769
What are the prime factors of 47453090?
2, 5, 263, 18043
List the prime factors of 76048883.
61, 1246703
List the prime factors of 43701037.
43701037
What are the prime factors of 48596434?
2, 733, 33149
List the prime factors of 326949.
3, 7, 15569
List the prime factors of 256651567.
17, 15097151
List the prime factors of 38952183.
3, 421, 30841
What are the prime factors of 89250324?
2, 3, 103, 163, 443
List the prime factors of 31108125.
3, 5, 47, 353
List the prime factors of 5045905084.
2, 11, 114679661
What are the prime factors of 31681841?
43, 736787
List the prime factors of 59214345.
3, 5, 3947623
List the prime factors of 165737167.
165737167
What are the prime factors of 8783184?
2, 3, 41, 4463
List the prime factors of 422887455.
3, 5, 9397499
List the prime factors of 545516909.
7, 199, 391613
List the prime factors of 129613306.
2, 1171, 55343
What are the prime factors of 173392666?
2, 73, 643, 1847
What are the prime factors of 351905256?
2, 3, 29, 56179
List the prime factors of 66186865.
5, 17, 797, 977
List the prime factors of 262297392.
2, 3, 7, 111521
List the prime factors of 1969193053.
22691, 86783
What are the prime factors of 229089473?
29, 31, 254827
What are the prime factors of 3890947228?
2, 7, 138962401
List the prime factors of 160497479.
160497479
List the prime factors of 97970579.
7, 13995797
List the prime factors of 96086105.
5, 367, 52363
List the prime factors of 4507701.
3, 11, 23, 5939
What are the prime factors of 3644587876?
2, 29, 1083409
What are the prime factors of 202604470?
2, 5, 17, 23, 51817
List the prime factors of 447210073.
29, 79, 195203
What are the prime factors of 31160185?
5, 7, 890291
What are the prime factors of 129285955?
5, 37, 47, 14869
List the prime factors of 129761921.
29, 139, 32191
What are the prime factors of 188039617?
139, 1352803
List the prime factors of 3109851885.
3, 5, 7, 19, 83, 2683
What are the prime factors of 66254791?
599, 110609
List the prime factors of 111888562.
2, 157, 356333
List the prime factors of 242871075.
3, 5, 109, 3301
What are the prime factors of 3321441600?
2, 3, 5, 73, 9479
List the prime factors of 148380548.
2, 61, 608117
List the prime factors of 212966042.
2, 1061, 100361
List the prime factors of 900361711.
900361711
List the prime factors of 115103848.
2, 2377, 6053
What are the prime factors of 1897497762?
2, 3, 316249627
What are the prime factors of 124839646?
2, 62419823
What are the prime factors of 1714091776?
2, 17, 393863
What are the prime factors of 568729303?
23, 24727361
What are the prime factors of 69800654?
2, 7, 11, 31, 14621
What are the prime factors of 409144077?
3, 479, 94907
What are the prime factors of 5687134786?
2, 1019, 2790547
List the prime factors of 206528670.
2, 3, 5, 19, 127, 317
List the prime factors of 6578164748.
2, 53, 31029079
What are the prime factors of 1534700713?
7, 13, 71, 179, 1327
List the prime factors of 162493294.
2, 81246647
List the prime factors of 1409826029.
31, 45478259
List the prime factors of 113292421.
11, 19, 49279
List the prime factors of 99417196.
2, 19, 1308121
List the prime factors of 2066117103.
3, 1823, 125929
List the prime factors of 5015973844.
2, 7, 179141923
What are the prime factors of 2114086881?
3, 31, 22732117
List the prime factors of 77783933.
77783933
What are the prime factors of 839594708?
2, 17, 367, 1979
What are the prime factors of 1152027602?
2, 11, 103, 163, 3119
List the prime factors of 25647637.
101, 253937
List the prime factors of 36888255.
3, 5, 819739
List the prime factors of 732778553.
13, 56367581
What are the prime factors of 630997043?
47, 13425469
What are the prime factors of 1307272293?
3, 271, 359, 1493
List the prime factors of 1962980849.
1962980849
What are the prime factors of 734827990?
2, 5, 13, 71, 79613
List the prime factors of 19787318.
2, 9893659
List the prime factors of 90001082.
2, 109, 412849
List the prime factors of 68921366.
2, 17, 2027099
List the prime factors of 117269531.
117269531
What are the prime factors of 131067863?
7321, 17903
List the prime factors of 162407139.
3, 509, 106357
List the prime factors of 2497100323.
89, 28057307
What are the prime factors of 61435848?
2, 3, 2559827
What are the prime factors of 95288948?
2, 139, 171383
What are the prime factors of 730575250?
2, 5, 29, 100769
List the prime factors of 87978689.
17, 47, 149, 739
What are the prime factors of 155343251?
7, 22191893
What are the prime factors of 579698435?
5, 115939687
What are the prime factors of 6061182648?
2, 3, 43, 5873239
What are the prime factors of 198742?
2, 99371
What are the prime factors of 64547982?
2, 3, 23, 51971
List the prime factors of 6336210783.
3, 7, 29, 2237, 4651
What are the prime factors of 6292388732?
2, 7, 7159, 31391
What are the prime factors of 52933331?
11, 4812121
List the prime factors of 36596415.
3, 5, 103, 23687
List the prime factors of 1478504928.
2, 3, 15401093
What are the prime factors of 6780477501?
3, 7, 29, 3711263
What are the prime factors of 29196855?
3, 5, 72091
List the prime factors of 167322731.
167322731
List the prime factors of 4108933117.
53791, 76387
List the prime factors of 242403113.
242403113
List the prime factors of 9175569167.
19, 482924693
List the prime factors of 7079325185.
5, 23431, 60427
List the prime factors of 117751882.
2, 191, 199, 1549
What are the prime factors of 144205209?
3, 53, 302317
List the prime factors of 640256942.
2, 13, 24625267
What are the prime factors of 38358609?
3, 3371, 3793
What are the prime factors of 427606615?
5, 631, 135533
What are the prime factors of 36993415?
5, 29, 255127
What are the prime factors of 442109795?
5, 23, 3844433
List the prime factors of 113673843.
3, 23, 549149
List the prime factors of 85853846.
2, 13, 3302071
What are the prime factors of 1844329?
1844329
List the prime factors of 41654604.
2, 3, 1453, 2389
What are the prime factors of 1998552416?
2, 7, 239, 5333
List the prime factors of 15603056.
2, 